{"id":7,"date":"2014-06-03T21:18:40","date_gmt":"2014-06-03T19:18:40","guid":{"rendered":"http:\/\/www.hausbootferien-elbe.de\/wordpress\/?page_id=7"},"modified":"2023-04-25T12:02:01","modified_gmt":"2023-04-25T10:02:01","slug":"info-hausboot","status":"publish","type":"page","link":"https:\/\/www.hausbootferien-elbe.de\/wordpress\/?page_id=7","title":{"rendered":"Info Hausboot"},"content":{"rendered":"<p style=\"color: #000000;\"><strong>Die Hausboote &#8222;Jan&#8220; und &#8222;Ulla&#8220;<\/strong><\/p>\n<p><span style=\"color: #000000;\">Die beiden alten Arbeitsschuten sind zu modernen Wasserwohnungen renoviert worden, aber nat\u00fcrlich haben sie noch ihren alten Charme. Der Fu\u00dfboden besteht aus Eichendielen, die gro\u00dfen Fenster lassen viel Licht in die Boote, und Sie blicken mitten ins Gr\u00fcne und aufs Wasser. Im Sommer \u00f6ffnet man die Fenster und springt einfach ins Wasser.<\/span><\/p>\n<p style=\"color: #000000;\">Die Hausboote haben jeweils ein Schlafzimmer plus ein gem\u00fctliches Kojenzimmer. Dazu jeweils eine\u00a0 gro\u00dfe moderne K\u00fcche, die direkt ins Wohnzimmer \u00fcbergeht ,sowie ein Badezimmer mit Badewanne. Auf den Vor- und Achterdecks sitzen Sie wie auf zwei Balkonen direkt am Wasser. Treppe hoch, und Sie sind auf der Dachterrasse: eine gro\u00dfe Fl\u00e4che mit Sofas oder Liegest\u00fchlen \u2013 perfekt f\u00fcr den Weitblick in den Himmel und nachts in die Sterne. Von hier aus kann man sogar die riesigen Containerschiffe sehen, die am Horizont auf der Elbe vorbeiziehen.<\/p>\n<p style=\"color: #000000;\">Weitere Ausstattung: Zentralheizung, Kaminofen, Fernseher, DVD-Player, Musikanlage, komplett ausgestattete K\u00fcche mit Backofen und allem Drum und Dran. Bettw\u00e4sche wird gestellt, Handt\u00fccher bitte selbst mitbringen. WLAN ist vorhanden.<\/p>\n<p><a href=\"http:\/\/www.hausbootferien-elbe.de\/wordpress\/?page_id=364\">Bilder von &#8222;Jan&#8220;<\/a><br \/>\n<a href=\"http:\/\/www.hausbootferien-elbe.de\/wordpress\/?page_id=16\">Bilder von &#8222;Ulla&#8220;<\/a><\/p>\n<p>Grundriss Boot Jan<\/p>\n<p style=\"color: #000000;\"><a href=\"http:\/\/www.hausbootferien-elbe.de\/wordpress\/wp-content\/uploads\/2014\/06\/skizze.png\" data-rel=\"lightbox-image-0\" data-rl_title=\"\" data-rl_caption=\"\" title=\"\"><img loading=\"lazy\" class=\"alignnone size-full wp-image-8\" src=\"http:\/\/www.hausbootferien-elbe.de\/wordpress\/wp-content\/uploads\/2014\/06\/skizze.png\" alt=\"skizze\" width=\"770\" height=\"357\" srcset=\"https:\/\/www.hausbootferien-elbe.de\/wordpress\/wp-content\/uploads\/2014\/06\/skizze.png 770w, https:\/\/www.hausbootferien-elbe.de\/wordpress\/wp-content\/uploads\/2014\/06\/skizze-300x139.png 300w, https:\/\/www.hausbootferien-elbe.de\/wordpress\/wp-content\/uploads\/2014\/06\/skizze-624x289.png 624w\" sizes=\"(max-width: 770px) 100vw, 770px\" \/><\/a><\/p>\n<p><strong>Hausboot &#8222;Telse&#8220;<\/strong><\/p>\n<p>Auf einem alten Ponton haben wir eine moderne Wasserwohnung von 40 m\u00b2 eingerichtet. Die gro\u00dfen Fenster geben einen fantastischen Blick auf die Natur, den Strom und in der Ferne vorbeiziehende Containerschiffe. Dazu geh\u00f6rt eine schwimmende Terrasse am Rande des Schilfg\u00fcrtels. Vom Land aus liegt das Boot an einem kleinen, alten Apfelhof. &#8222;Telse&#8220; ist ein 1-Raum-Studio mit einem Duschbad und eignet sich f\u00fcr bis zu 2 Personen.<\/p>\n<p>Weitere Ausstattung: Zentralheizung, Kaminofen, Fernseher, DVD-Player, Bluetooth-Box, komplett ausgestattete K\u00fcche mit Backofen und allem Drum und Dran. Bettw\u00e4sche wird gestellt, Handt\u00fccher bitte selbst mitbringen. Wlan ist vorhanden<\/p>\n<p><a href=\"http:\/\/www.hausbootferien-elbe.de\/wordpress\/?page_id=940\">Bilder von &#8222;Telse&#8220;<\/a><\/p>\n","protected":false},"excerpt":{"rendered":"<p>Die Hausboote &#8222;Jan&#8220; und &#8222;Ulla&#8220; Die beiden alten Arbeitsschuten sind zu modernen Wasserwohnungen renoviert worden, aber nat\u00fcrlich haben sie noch ihren alten Charme. Der Fu\u00dfboden besteht aus Eichendielen, die gro\u00dfen Fenster lassen viel Licht in die Boote, und Sie blicken mitten ins Gr\u00fcne und aufs Wasser. Im Sommer \u00f6ffnet man die Fenster und springt einfach [&hellip;]<\/p>\n","protected":false},"author":1,"featured_media":0,"parent":0,"menu_order":1,"comment_status":"closed","ping_status":"closed","template":"","meta":[],"_links":{"self":[{"href":"https:\/\/www.hausbootferien-elbe.de\/wordpress\/index.php?rest_route=\/wp\/v2\/pages\/7"}],"collection":[{"href":"https:\/\/www.hausbootferien-elbe.de\/wordpress\/index.php?rest_route=\/wp\/v2\/pages"}],"about":[{"href":"https:\/\/www.hausbootferien-elbe.de\/wordpress\/index.php?rest_route=\/wp\/v2\/types\/page"}],"author":[{"embeddable":true,"href":"https:\/\/www.hausbootferien-elbe.de\/wordpress\/index.php?rest_route=\/wp\/v2\/users\/1"}],"replies":[{"embeddable":true,"href":"https:\/\/www.hausbootferien-elbe.de\/wordpress\/index.php?rest_route=%2Fwp%2Fv2%2Fcomments&post=7"}],"version-history":[{"count":16,"href":"https:\/\/www.hausbootferien-elbe.de\/wordpress\/index.php?rest_route=\/wp\/v2\/pages\/7\/revisions"}],"predecessor-version":[{"id":1010,"href":"https:\/\/www.hausbootferien-elbe.de\/wordpress\/index.php?rest_route=\/wp\/v2\/pages\/7\/revisions\/1010"}],"wp:attachment":[{"href":"https:\/\/www.hausbootferien-elbe.de\/wordpress\/index.php?rest_route=%2Fwp%2Fv2%2Fmedia&parent=7"}],"curies":[{"name":"wp","href":"https:\/\/api.w.org\/{rel}","templated":true}]}}