{"id":18,"date":"2014-06-03T21:25:22","date_gmt":"2014-06-03T19:25:22","guid":{"rendered":"http:\/\/www.hausbootferien-elbe.de\/wordpress\/?page_id=18"},"modified":"2015-05-26T14:44:24","modified_gmt":"2015-05-26T12:44:24","slug":"freizetmoeglichkeiten","status":"publish","type":"page","link":"https:\/\/www.hausbootferien-elbe.de\/wordpress\/?page_id=18","title":{"rendered":"Freizeitm\u00f6glichkeiten"},"content":{"rendered":"<p><span style=\"color: #000000;\">\u00a0<\/span><\/p>\n<ul>\n<li><span style=\"color: #000000;\">Wandern, Kanufahrten oder Ausreiten. In der Umgebung gibt es einiges zu entdecken und zu erleben. Und das nur wenige Kilometer vor Hamburgs Stadttoren.<\/span><\/li>\n<li><span style=\"color: #000000;\">Wir haben einige alte Kanus und Kajaks, bei Flut k\u00f6nnen Sie direkt von der Werft aus zu herrlichen Paddeltouren aufbrechen. \u00dcber den Ruthenstrom kommen Sie an weiten Pferdekoppeln vorbei und k\u00f6nnen durch winzige, von Weiden bestandene Flussarme paddeln. Auf die offene Elbe sollte nat\u00fcrlich niemand paddeln. Die Kanus sind f\u00fcr Hausbootg\u00e4ste kostenlos. Infos bekommen Sie von uns<\/span><\/li>\n<li><span style=\"color: #000000;\">Auf dem Gel\u00e4nde stehen auch einige alte Fahrr\u00e4der zur Verf\u00fcgung. Gut, um morgens frische Br\u00f6tchen zu holen oder kleine Touren in der Umgebung zu machen<\/span><\/li>\n<li><span style=\"color: #000000;\">Der wundersch\u00f6ne Strand von Krautsand liegt genau f\u00fcnf Kilometer von uns entfernt und ist einer der sch\u00f6nsten der Elbe<\/span><\/li>\n<li><span style=\"color: #000000;\">Das Ausflugsboot \u201eTiedenkieker\u201c nimmt G\u00e4ste mit auf interessante Touren in die Natur der Seitenfl\u00fcsse und des Elbhinterlands.<\/span><\/li>\n<li><span style=\"color: #000000;\">\u201eMoorkieker\u201c ist eine Kombi aus Bummelbahn und Fu\u00dftour \u2013 eine sehr gute M\u00f6glichkeit, um die Moore und ihre Natur kennenzulernen.<\/span><\/li>\n<li><span style=\"color: #000000;\">In Neuhaus, rund eine halbe Stunde mit dem Auto von hier, liegt die Wasserskianlage Neuhaus. Hier kann jeder seine Runden drehen, auf Wasserskiern und Wakeboards.<\/span><\/li>\n<li><span style=\"color: #000000;\">In der Wingst, nur eine halbe Stunde von hier, liegt ein kleiner Freizeitpark und ein Zoo. Auf einem Reiterhof dort k\u00f6nnen Sie auf Isl\u00e4ndern reiten und auch wunderbare Ausritte machen, f\u00fcr Anf\u00e4nger und Fortgeschrittene.<\/span><\/li>\n<li><span style=\"color: #000000;\">In Cuxhaven lohnt es sich unbedingt, mit dem Schiff, mit der Kutsche oder auch zu Fu\u00df einen Abstecher nach Neuwerk zu unternehmen: Die Tour durchs Wattenmeer zur bekannten Elbinsel mit dem Leuchtturm lohnt sich auf jeden Fall<\/span><\/li>\n<\/ul>\n","protected":false},"excerpt":{"rendered":"<p>\u00a0 Wandern, Kanufahrten oder Ausreiten. In der Umgebung gibt es einiges zu entdecken und zu erleben. Und das nur wenige Kilometer vor Hamburgs Stadttoren. Wir haben einige alte Kanus und Kajaks, bei Flut k\u00f6nnen Sie direkt von der Werft aus zu herrlichen Paddeltouren aufbrechen. \u00dcber den Ruthenstrom kommen Sie an weiten Pferdekoppeln vorbei und k\u00f6nnen [&hellip;]<\/p>\n","protected":false},"author":1,"featured_media":0,"parent":0,"menu_order":5,"comment_status":"closed","ping_status":"closed","template":"","meta":[],"_links":{"self":[{"href":"https:\/\/www.hausbootferien-elbe.de\/wordpress\/index.php?rest_route=\/wp\/v2\/pages\/18"}],"collection":[{"href":"https:\/\/www.hausbootferien-elbe.de\/wordpress\/index.php?rest_route=\/wp\/v2\/pages"}],"about":[{"href":"https:\/\/www.hausbootferien-elbe.de\/wordpress\/index.php?rest_route=\/wp\/v2\/types\/page"}],"author":[{"embeddable":true,"href":"https:\/\/www.hausbootferien-elbe.de\/wordpress\/index.php?rest_route=\/wp\/v2\/users\/1"}],"replies":[{"embeddable":true,"href":"https:\/\/www.hausbootferien-elbe.de\/wordpress\/index.php?rest_route=%2Fwp%2Fv2%2Fcomments&post=18"}],"version-history":[{"count":10,"href":"https:\/\/www.hausbootferien-elbe.de\/wordpress\/index.php?rest_route=\/wp\/v2\/pages\/18\/revisions"}],"predecessor-version":[{"id":678,"href":"https:\/\/www.hausbootferien-elbe.de\/wordpress\/index.php?rest_route=\/wp\/v2\/pages\/18\/revisions\/678"}],"wp:attachment":[{"href":"https:\/\/www.hausbootferien-elbe.de\/wordpress\/index.php?rest_route=%2Fwp%2Fv2%2Fmedia&parent=18"}],"curies":[{"name":"wp","href":"https:\/\/api.w.org\/{rel}","templated":true}]}}